 remainder when 27 is divided by f.
2
Let r(j) = -2*j + 6*j + 5 - 5*j. Let x be r(6). Let w = 14 - x. What is the remainder when 58 is divided by w?
13
Let t = 19 + -36. Let v = 39 + t. Calculate the remainder when 61 is divided by v.
17
Let a(h) = 9*h - 1. Let q be a(3). Suppose 0 = 5*o - 4 - q. Suppose -5*u - n = -83, 4*n - 176 = -3*u - 116. Calculate the remainder when u is divided by o.
4
Suppose 3*z = 4*x - 32, -7*z = -5*z + 8. What is the remainder when 32 is divided by x?
2
Let h(c) = -c**3 - 9*c**2 - 6*c - 3. Let l be h(-8). Let p = -3 - l. Suppose -z - p = -2*z. What is the remainder when z is divided by 9?
7
Suppose -5*r = h - 73, 0 = -5*h - r + 5*r + 394. Suppose -15*o + 115 + 35 = 0. Calculate the remainder when h is divided by o.
8
What is the remainder when (104 + 1)*(7 + 128/(-20)) is divided by 33?
30
Suppose 5*r - 7 = 8. Suppose 0 = -r*b - 19 + 49. Calculate the remainder when b is divided by 6.
4
Let v = -1877 + 2082. What is the remainder when v is divided by 10?
5
Let z(d) = 3*d + 7 - 17 - 6*d + 9*d. Suppose 3*m - 11 = 3*u - 4*u, 3*u = 3*m - 15. What is the remainder when z(m) is divided by 3?
2
Suppose -5*x - 5 = 0, -2*c + 7 = x - 34. What is the remainder when 321/c + -3*2/21 is divided by 4?
3
Let v = 2080 - 2063. What is the remainder when 3/9 + (-98)/(-3) is divided by v?
16
Suppose -3*l - 3 + 13 = 2*w, -5*w - 4*l = -25. What is the remainder when 51 is divided by w?
1
Let t(u) = 3*u + 32. Let p be t(-6). Suppose -p*z + 48 = -10*z. What is the remainder when z is divided by 5?
2
Let p(d) = -d**2 + 16*d - 29. Suppose 0 = -5*r + 77 - 17. Calculate the remainder when 92 is divided by p(r).
16
Suppose k - 4 - 6 = 0. Let j = -2 + k. Let x(l) = 2*l + 35. What is the remainder when x(5) is divided by j?
5
Let o = 34 - 31. Suppose -h + 25 = -o*t, -t = -h - 2*t + 9. Calculate the remainder when 49 is divided by h.
10
Let p = -12 - -17. Let m = -5 - -7. Suppose -v = -m*a + 3*a - 16, -2*a - 3*v + 35 = 0. What is the remainder when a is divided by p?
3
Let h(o) = 2*o - 3. Let w(p) = -25*p - 2 + 2 + 0. What is the remainder when w(-1) is divided by h(8)?
12
Suppose -3*l = -6, r - 36*l = -39*l + 10. What is the remainder when 63 is divided by r?
3
Let x be -4*(4 - 1 - 609/28). Suppose 0*a - x = -5*q - 4*a, -2*q = -2*a - 48. Calculate the remainder when q is divided by 11.
8
Let b = 667 + -472. Suppose 0 = 6*h - h - b. Suppose 3*n - 5*n = -5*a - 32, 0 = 3*n - 3*a - h. Calculate the remainder when n is divided by 7.
4
Let s(i) = 129*i**3 + 2*i**2 - 1. Suppose 4*f = 5*n + 55, 19 = f + 3*n - 6*n. Let y = 43 - f. What is the remainder when s(1) is divided by y?
31
Suppose 96 = 4*a - 8. Let u be (-1)/4 + (-276)/48. Let p = u + 13. Calculate the remainder when a is divided by p.
5
Calculate the remainder when (-254)/(-4) - 4/(-8) is divided by ((-6)/(-15))/(2/110).
20
Let f = 10 - 7. Suppose 3 = f*a - 3*u, -4*a + 4 = 5*u - 9. Suppose 4*c = 5*v + 30, 0*v - a*v + 54 = 5*c. What is the remainder when 19 is divided by c?
9
What is the remainder when 41 is divided by 7/1 - (10 + (8 - 20))?
5
Let p(l) = l**3 + l**2 + 63. Suppose 0*w = -2*m + 2*w, 0 = 4*w - 20. Suppose m*q = -50 + 160. What is the remainder when p(0) is divided by q?
19
Suppose 8*q - 285 = 3*q. Calculate the remainder when 221 is divided by q.
50
Suppose 0 = 2*l - 3*c - 42, -l - c + 74 = 2*l. Suppose 6*j - 456 = j + 3*t, -291 = -3*j - 4*t. Calculate the remainder when j is divided by l.
21
Suppose 6*m - 11*m + 1501 = -4*s, -s - 601 = -2*m. What is the remainder when m is divided by 51?
46
Let g be 174/54 + 2/(-9) - -2. Suppose 5*p - 3*t = 10, 2*p + t - g*t + 10 = 0. What is the remainder when 34 is divided by p?
4
Let n(o) = -o**3 + 5*o**2 + 3*o - 3. Let b = 52 - 47. Calculate the remainder when 58 is divided by n(b).
10
Suppose 0 = 5*t - 6 + 1. What is the remainder when (-2)/t + -2 + 59 is divided by 14?
13
Suppose -5*f = -141 - 24. Calculate the remainder when f is divided by ((-20)/(-3))/((-34)/(-51)).
3
Let d be (-9)/21 - 260/(-35). Let n = -4 + d. Suppose -n*g = -40 - 50. What is the remainder when 119 is divided by g?
29
Suppose 867 = -123*j + 124*j. What is the remainder when j is divided by 62?
61
Suppose t + 178 = 181. What is the remainder when 3/(-15) - 126/(-5) is divided by t?
1
Suppose 2*r - s - 2 - 7 = 0, -10 = -3*r + 5*s. Suppose -4*f - 4*l + 18 = -2*l, 2*l + 27 = r*f. Calculate the remainder when 1/(1/5) - -8 is divided by f.
3
Let y be 3/(-2)*4/(-6). Suppose j - 3 - y = 0. What is the remainder when (90/24 + 0)/(6/16) is divided by j?
2
Suppose k + 412 = -22*r + 39*r, -r + 8 = 4*k. Let o = -16 + 30. Calculate the remainder when r is divided by o.
10
Suppose -235 = 4*b - 9*b. Let q(a) = -a**2 + 9*a. Let c be q(5). Let u = c - -4. What is the remainder when b is divided by u?
23
What is the remainder when 365 is divided by (-22 - -24)/(1 - 29/31)?
24
What is the remainder when 175 is divided by (-3)/(-1 - 2)*11?
10
Let g(c) = -c**3 - 12*c**2 + 6*c - 24. Let n(l) = -l**3 - 13*l**2 + 5*l - 24. Let m(y) = 4*g(y) - 5*n(y). What is the remainder when 79 is divided by m(-17)?
38
Let n(q) = q**3 + 2*q**2 + q + 12. Calculate the remainder when 32 is divided by n(0).
8
Calculate the remainder when 58 is divided by (166 - 163) + (3*1 - 1).
3
Let c(l) = -l**2 - 22*l - 42. Suppose 0 = -4*a + 3*k + 32, 0 = -a - 2*a - 4*k + 24. What is the remainder when c(-11) is divided by a?
7
Let h(s) = 4*s**3 + s**2 - s - 6. What is the remainder when h(2) is divided by 17?
11
What is the remainder when 57 is divided by (-147)/14*16/(-12)?
1
Let p(v) = 95*v**2 - v + 2. What is the remainder when p(1) is divided by 22?
8
Let i = -1912 + 1971. Calculate the remainder when 146 is divided by i.
28
Suppose 20 = 4*s - 4*h, 5*h + 7 = -4*s + 36. Let f be ((-40)/(-6))/(1/3). Suppose -2*i = -0*i - f. What is the remainder when i is divided by s?
4
Let i be -4 - (3 - 5 - -7). Calculate the remainder when 14 is divided by (-89)/i + 5/45.
4
Suppose 50 = 6*h + 2. Calculate the remainder when ((-3)/(12/h))/(4/(-134)) is divided by 35.
32
Suppose 8*m = 11*m - 2*j + 24, -5*j - 45 = 3*m. Calculate the remainder when 44 is divided by (18/m - -1)/(25/(-750)).
20
Suppose 5*p + 19 = -6*g + 4*g, 4*p - 2*g = -8. Calculate the remainder when (-2 - -1)/(2/(-78)) is divided by (11 - -13) + (p - 0).
18
Let b(t) = -t + 2. Suppose 7*d - 5 = -33. Calculate the remainder when b(0) is divided by ((-2)/6)/(3*d/36).
0
Suppose -45*w + 40*w + 71 = -3*j, -w = -5*j - 1. What is the remainder when w is divided by 9?
7
Let r be (-12)/(-8)*(0 - (-32)/6). Suppose -4*f = -0*f - 220. Suppose 3*k = r + f. Calculate the remainder when 39 is divided by k.
18
Let z(o) = -o**2 + 7. Let a be z(3). Suppose 4*n - w = -2*w + 199, -3*n + 144 = -w. Calculate the remainder when n is divided by 3/((-37)/(-17) + a).
15
Suppose l = 2*l - 141. Suppose i + 2*i = l. What is the remainder when i is divided by 12?
11
Let w = 5 - 9. Let q be ((-1)/w)/((-1)/(-20)). Suppose -q*s + 53 = -32. What is the remainder when 66 is divided by s?
15
Suppose -10*x + 196 = -434. What is the remainder when 754 is divided by x?
61
Let r(g) = -2*g + 2. Let k be r(2). Let a be (-6)/k + -3 + 8. What is the remainder when 5 is divided by (a/4 - 4) + 5?
2
Let o(c) = -37 + 109 - 53 + 4*c. What is the remainder when 13 is divided by o(-3)?
6
Let v(s) = -32*s - 3. Suppose -6*i - 14 = -2. Calculate the remainder when v(i) is divided by ((-42)/10)/((-2)/10).
19
Suppose 31 = 4*v + 3. Let r = -3 + v. Suppose 54 = c + r. What is the remainder when c is divided by 17?
16
Let j = -35 + 59. Let g = j - -75. What is the remainder when g is divided by 25?
24
Let o = 12 + -18. Let d(j) = j**3 + 8*j**2 + 10*j - 1. What is the remainder when (-1)/5 - 161/(-5) is divided by d(o)?
10
Let u = -44 + 148. Let t(q) = 7*q + 1. What is the remainder when u is divided by t(2)?
14
Let i = 1931 - 1865. What is the remainder when 131 is divided by i?
65
Let j = -581 + 599. Calculate the remainder when 1689 is divided by j.
15
Suppose 0 = -11*c + 171 + 654. Calculate the remainder when 224 is divided by c.
74
Let x(l) = -l + 16. Let p be x(13). Suppose 0 = -d + 6*d + 3*v - 138, 2*d = p*v + 51. Calculate the remainder when d is divided by 5.
2
Let q = -337 - -671. What is the remainder when q is di